YEARLY CLIMATOLOGICAL SUMMARY for Dec 2011

NAME: Meteodata   CITY: Willingdon STATE: Sussex
ELEV: 73ft LAT: 050:48:22 LONG: 0000:14:48

                            TEMPERATURE ( C), RAIN (mm), WIND SPEED (kn)

                                                 HEAT     COOL           AVG
      MEAN                                       DEG      DEG            WIND                        DOM
MTH   TEMP    HIGH   TIME      LOW     TIME      DAYS     DAYS   RAIN    SPEED    HIGH    TIME       DIR
----------------------------------------------------------------------------------------------------------------------------------------------------------
01    05.6    12.1   13:17   -02.2   01:05    394.0     000.0    108.2    02.8     27.0    23:57      SW
02    07.5    13.1   13:01   -01.5   08:01    287.7     000.0    77.6    03.6     30.0    08:25      SW
03    07.3    17.3   14:24   -04.2   06:30    355.3     000.0    24.2    02.2     28.0    23:56      SW
04    12.9    26.9   13:38    03.7   06:06    166.1     000.0    07.8    02.2     23.0    23:54      SW
05    13.5    22.3   16:07    03.2   05:10    153.1     000.0    13.4    03.5     32.0    23:59      SW
06    15.5    30.0   14:12    05.8   05:17    092.4    008.0    67.0    05.0     29.0    23:56      SW
07    16.5    26.1   13:34    08.5   05:19    057.5     000.0    44.2    03.3     27.0    23:52      SW
08    16.9    27.1   12:38    10.7   06:51    048.6    004.8    124.8    03.3     24.0    23:59     WSW
09    16.2    23.7   14:43    06.9   07:00    063.8    001.1    59.8    04.2     34.0    23:59      SW
10    13.8    25.8   12:26    00.6   05:45    140.2     000.0    24.0    03.7     28.0    23:57      SW
11    11.4    17.3   10:59   -00.5   03:21    207.9     000.0    19.4    02.6     29.0    23:56      SW
12    08.1    13.4   07:42   -01.2   06:18    316.4     000.0    151.8    04.9     36.0    23:57     WSW
----------------------------------------------------------------------------------------------------------------------------------------------------------
      12.1    30.0            -4.2             2283.2    013.9   722.2    3.5     16.1               WSW

Max >=  32.0: 0
Max <=   0.0: 0
Min <=   0.0: 367
Min <= -18.0: 0
Max >=  32.0: 0
Max <=   0.0: 0
Min <=   0.0: 367
Min <= -18.0: 0
Max <=  -5.0: 0
Min <=  -5.0: 0
Max <= -10.0: 0
Min <= -10.0: 0
Max <= -15.0: 0
Min <= -15.0: 0
Max <= -20.0: 0
Min <= -20.0: 0
Max <= -25.0: 0
Min <= -25.0: 0
Max Rain: 0.4 ON 31-01-12
Days of Rain: 170 (> .2mm) 82 (> 2mm) 6 (> 20mm)
Days of Rain: 76 (> .2mm) 16 (> 2mm) 1 (> 20mm)